64*c**3 - 2*c**2 + c + 2. Let q be n(-1). Suppose -7*p + 7 = -q. Calculate the highest common factor of 35 and p.
5
Suppose 4*m = -2*r + 870, -5*m + 1200 = 2*r + 110. What is the highest common divisor of m and 60?
20
Suppose -185*g = -189*g + 364. Let d = -1 - -4. Suppose d = 8*p - 53. Calculate the highest common divisor of p and g.
7
Let x be ((-2)/6*-2)/((-10)/(-195)). Let t be (-97 + x)/(-4 - -2). What is the greatest common divisor of 336 and t?
42
Let o(z) = z + 34. Let f be o(-13). Suppose 2*y = 0, -3*y = u - y - 231. What is the highest common factor of f and u?
21
Suppose 1468 = -5*t + 4*x, x = t + 311 - 18. Let o = t + 309. Calculate the highest common factor of o and 39.
13
Suppose 12*j = 70*j + 95*j - 2142. What is the highest common factor of 315 and j?
7
Suppose -26132 = -23*s - 116*s. Calculate the highest common divisor of s and 9964.
188
Suppose -3215 = -5*h + 5*l, -h + 11*l = 16*l - 625. Let p = 685 - h. What is the highest common divisor of p and 5?
5
Suppose -4457 = -5*n - 3*o - 4345, 2*n - 42 = -4*o. Calculate the greatest common divisor of 437 and n.
23
Suppose 8*h - 23313 + 16633 = 28744. Calculate the highest common divisor of 108 and h.
108
Let t(u) = 4*u. Let b be t(3). Let s be 421/9 + (-5)/(-45)*2. Suppose -3*j = -97 - s. Calculate the highest common factor of b and j.
12
Let z(y) = -y - 44*y**2 - 86 - 47*y**2 + 93*y**2 + 13*y + 18*y. Let i be z(3). What is the highest common divisor of i and 253?
11
Suppose -23*f = 4712 - 3060 - 45076. Calculate the highest common divisor of f and 80.
16
Let h be ((-3)/((-18)/(-28)))/(65/(-3510)). Let a = -91 + h. What is the highest common divisor of 7 and a?
7
Suppose -r = -3*d + 12, -18 = -4*d + r - 3. Suppose -d*z + 197 = -79. Suppose -z*j + 3 = -89*j. What is the greatest common divisor of 1 and j?
1
Let u(i) = i**2. Let k(z) = 3*z**2 - 14*z - 3. Let m(v) = k(v) - 2*u(v). Let a be m(17). Let p = a - 39. What is the greatest common factor of p and 3?
3
Suppose 9*t = 19*t. Suppose t = -17*a + 9*a + 96. Calculate the highest common divisor of a and 30.
6
Suppose 6*r = 16*r - 180. Let z(s) = 3*s**2 - 17*s + 2. Let x be z(-2). What is the greatest common factor of r and x?
6
Suppose 29*k = 3498 - 18. Calculate the highest common factor of 1245 and k.
15
Let b = 240 + -136. Let d be 16/b - 84/39. Let i be (-72)/(-3) + (d - -2). What is the highest common factor of 3 and i?
3
Let f = -136 - -165. Let z = 1624 + -1073. Calculate the greatest common factor of f and z.
29
Let l be -1*(4 - 0)*-1. Suppose -7*o = -l*o - 15. Let a(x) = 3*x - 12. Let d be a(o). What is the highest common factor of 2 and d?
1
Let j be -1 + (5 + -6 - 1) + 6 - -272. What is the greatest common factor of 154 and j?
11
Let r be 37/(1554/36)*(-168)/(-9). What is the greatest common factor of r and 40?
8
Suppose 67*o - 47*o - 72895 = 82905. Calculate the highest common factor of 40 and o.
10
Let y(s) = 86*s - 2. Let p be y(2). Let g = 69 - 65. Suppose -g*a + u = -267, 0 = -a + 2*u + 24 + 34. What is the greatest common divisor of p and a?
34
Suppose -26*m = -28*m - 6*q + 44, 4*m - 3*q = 73. What is the highest common divisor of 2546 and m?
19
Suppose -219*z - 449 = -483 - 9164. What is the greatest common divisor of 13 and z?
1
Suppose 5*i = -7*f + 93537, 12*i = 15*i - 6. Calculate the greatest common divisor of f and 62.
31
Suppose -b = 5*r - 0*r - 2274, 0 = 5*r + 5*b - 2270. Let t be 64 - -5 - 3/((-6)/(-8)). Calculate the highest common factor of r and t.
65
Let g(f) = -189*f. Let j be g(-2). Suppose -56 = 81*k - 373 - 817. Calculate the greatest common factor of j and k.
14
Suppose 5*o - 123 = -2*x, 7*x - 127 = 4*x + 4*o. Let z(q) = 763*q**2 - 14*q + 7. Let r be z(-1). Calculate the greatest common divisor of x and r.
49
Let d(h) = h**3 - 29*h**2 + 46*h + 28. Let s be d(28). Suppose -22*y + s = -3*y. Calculate the highest common factor of y and 4.
4
Let i be (-954)/((-1430)/351 - 28/(-7)). What is the highest common divisor of i and 18?
9
Let l(k) = 2*k**2 - 11*k + 253. Let h be l(-11). Calculate the highest common divisor of 264 and h.
88
Let z = 4370 - 4058. Calculate the highest common divisor of z and 9.
3
Suppose -5*a = -k + 5890, 4*k + a - 24394 + 876 = 0. Calculate the greatest common factor of 150 and k.
30
Let v be -2*(0 - 85/(-20))*-306. What is the greatest common divisor of 306 and v?
153
Let u(v) = 113*v + 2. Let j be u(3). Suppose 27*l - 4*p - 21 = 28*l, -2*p = 5*l - 39. What is the greatest common factor of j and l?
11
Let k(w) = 2310*w + 28214. Let c be k(-12). Let j(t) = 11*t - 6. Let a be j(4). What is the greatest common factor of a and c?
38
Suppose 0 = 13*q - 15*q. Suppose 4*f - 12 - 4 = q. Suppose -2*a + 44 = -4*u, -38 = -f*a - 3*u + u. Calculate the greatest common factor of 12 and a.
12
Suppose 16*k + 1431 = 13*k. Let j = -218 - k. Let s = j - 160. Calculate the highest common factor of s and 9.
9
Let q be ((-44)/48 + (-2)/(-8))*-6. Suppose -3*g + q*f = -138, 0 = 2*g - 4*f - 54 - 38. Calculate the highest common factor of 23 and g.
23
Suppose -14*c + 380 = -4*c. Let r = c - -39. Calculate the greatest common divisor of 11 and r.
11
Suppose 5*u = 2*c - 260, -393 - 205 = -4*c - 3*u. Calculate the greatest common factor of 75 and c.
5
Suppose 112*v + 4 = 111*v + 517. What is the highest common divisor of v and 216?
27
Let p = -449 - -881. Let m be 0/16 - (-30 + -2). Calculate the greatest common divisor of m and p.
16
Let o = -87499 + 87967. Suppose -g + 21 + 83 = 0. Calculate the highest common factor of o and g.
52
Suppose -5*w + 86*v + 4532 = 84*v, -3*w - 2*v + 2716 = 0. Calculate the greatest common factor of 6 and w.
6
Let y = -45 + 68. Let t = 25 - y. Suppose -o = -3*r - t*r + 180, -o = -2*r + 72. Calculate the highest common divisor of 12 and r.
12
Let y(z) = 9*z - 39. Let c be y(5). Let r be (3 + 5 + (-88)/12)*c. Let m(b) = b - 4. Let h be m(5). Calculate the highest common divisor of r and h.
1
Suppose -868 + 928 = c. Calculate the highest common factor of c and 152.
4
Let m be (-6)/(-15)*(450 + 0). Let v = 1326 - 1252. Suppose -4*i - u = -m, -u = 2*i - v - 16. Calculate the greatest common factor of i and 5.
5
Let a be 5*3/5 - 1. Suppose -672 = -a*c - 6*c. Let l be c/3*(-24)/(-14). What is the highest common divisor of 12 and l?
12
Suppose 0 = -4*h + 2*n - 630 + 766, 0 = 4*h - 3*n - 132. Suppose 10 = -3*p + 34. Calculate the greatest common divisor of p and h.
4
Suppose -10*u + 849 = -4*l - 7*u, 5*l - 3*u + 1065 = 0. Let k be 27/(l/(-2096)) - (5 - -1). What is the highest common factor of k and 80?
16
Suppose 4*v = -l - 23, 3*l + 0*v = -5*v - 41. Let j(h) = -h**2 - 11*h - 4. Let c be j(l). What is the highest common divisor of 24 and c?
24
Let d be ((-18)/(-5))/((-100)/(-250)). Let k be -3 + d + 27 - -3. Calculate the greatest common factor of k and 348.
12
Suppose -20*i = -39 + 119. Let u be -1 + (-20)/i - -23. What is the highest common factor of 486 and u?
27
Let j = -1603 + 1618. Let l(v) = -2*v - 8. Let k be l(-7). Suppose 2*u + k = h + 5*u, u = 3*h - 48. What is the highest common divisor of j and h?
15
Let v be (6/18)/((-3)/15)*-6. Let p be v/(((-6)/8)/(-3)). What is the greatest common divisor of p and 40?
40
Suppose -5*x - x + 504 = 0. Suppose 0 = -3*s - 2*s - g + x, 2*s + 2*g = 32. Let m = s - 5. Calculate the greatest common divisor of 96 and m.
12
Let j = 885 + -834. What is the greatest common divisor of j and 16881?
51
Suppose -3 = d + 4*b, d + d - 5*b - 20 = 0. Suppose -v + d*v = 52. Suppose 95*h - 97*h + 104 = 0. Calculate the highest common divisor of v and h.
13
Suppose 4 = 24*z - 22*z. Suppose s - 4 = -j - z, j = -2*s + 6. Suppose 49 = 3*i + s*i. What is the highest common divisor of i and 28?
7
Suppose 4*l + 19644 = 7*l - 8*a, -5*a - 6534 = -l. What is the greatest common factor of 48 and l?
12
Let v = 14336 + -1856. Suppose -17*z - 13*z + v = 0. Calculate the highest common divisor of z and 26.
26
Suppose 350*h - 269*h - 304965 = 0. What is the greatest common divisor of h and 30?
15
Suppose 16*q - 18*q = -50. Let j = 90 - -587. Suppose 0 = -3*v + 2*h + j, -3*v + 0*v + h + 676 = 0. What is the highest common factor of v and q?
25
Let h(z) = z**3 + 44*z**2 + 72*z + 210. Let y be h(-28). What is the greatest common divisor of y and 7?
7
Suppose 14*k - 82939